{"id":16,"date":"2023-02-10T19:15:02","date_gmt":"2023-02-10T18:15:02","guid":{"rendered":"https:\/\/extranet.pixelis.fr\/?page_id=16"},"modified":"2025-01-20T17:52:54","modified_gmt":"2025-01-20T16:52:54","slug":"installation-des-imprimantes","status":"publish","type":"page","link":"https:\/\/extranet.pixelis.fr\/?page_id=16","title":{"rendered":"Installation des imprimantes"},"content":{"rendered":"\n<div class=\"wp-block-columns is-layout-flex wp-container-core-columns-is-layout-9d6595d7 wp-block-columns-is-layout-flex\">\n<div class=\"wp-block-column is-layout-flow wp-block-column-is-layout-flow\">\n<h2 class=\"wp-block-heading has-text-align-center\"><strong>Pour macOS<\/strong><\/h2>\n\n\n\n<hr class=\"wp-block-separator has-alpha-channel-opacity is-style-default\"\/>\n\n\n\n<p>T\u00e9l\u00e9chargement des paquets d&rsquo;installation<\/p>\n\n\n\n<p><a href=\"https:\/\/extranet.pixelis.fr\/wp-content\/files\/imprimantes\/macOS\/C165_RDC.pkg\" target=\"_blank\" rel=\"noreferrer noopener\">Imprimante C165 du rez-de-chauss\u00e9<\/a><\/p>\n\n\n\n<p><a href=\"https:\/\/extranet.pixelis.fr\/wp-content\/files\/imprimantes\/macOS\/V700_1ER.pkg\" target=\"_blank\" rel=\"noreferrer noopener\">Imprimante V700 du 1er \u00e9tage<\/a><\/p>\n\n\n\n<p><\/p>\n\n\n\n<p>Les imprimantes seront automatiquement ajouter dans les r\u00e9glages du syst\u00e8me apr\u00e8s l&rsquo;installation des fichiers .pkg<\/p>\n\n\n\n<hr class=\"wp-block-separator has-alpha-channel-opacity is-style-wide\"\/>\n\n\n\n<p><\/p>\n\n\n\n<h2 class=\"wp-block-heading has-text-align-center\"><strong>Pour Windows<\/strong><\/h2>\n\n\n\n<hr class=\"wp-block-separator has-alpha-channel-opacity is-style-default\"\/>\n\n\n\n<p>T\u00e9l\u00e9chargement des paquets d&rsquo;installation<\/p>\n\n\n\n<p><\/p>\n\n\n\n<p><a href=\"https:\/\/extranet.pixelis.fr\/wp-content\/files\/imprimantes\/Windows\/C165_L30_FD63.zip\">Imprimante C165 du rez-de-chauss<\/a><a href=\"https:\/\/extranet.pixelis.fr\/wp-content\/files\/imprimantes\/Windows\/C165_L30_FD63.zip\" target=\"_blank\" rel=\"noreferrer noopener\">\u00e9<\/a><\/p>\n\n\n\n<p><a href=\"https:\/\/extranet.pixelis.fr\/wp-content\/files\/imprimantes\/Windows\/V700_N500_V1_FD701.EXE\" target=\"_blank\" rel=\"noreferrer noopener\">Imprimante V700 du 1er \u00e9tage<\/a><\/p>\n\n\n\n<p><\/p>\n\n\n\n<p>Chercher \u00ab\u00a0ajouter une imprimante\u00a0\u00bb dans le menu Windows et suivez les capture d&rsquo;\u00e9crans ci-dessous. <\/p>\n\n\n\n<p class=\"has-white-color has-text-color has-background has-link-color wp-elements-bb77ad6cdc6925ff089d9be0eff43920\" style=\"background:linear-gradient(135deg,rgb(99,149,19) 0%,rgb(173,220,186) 100%)\">Dans chacune des fen\u00eatres suivantes, remplacer le texte \u00ab\u00a0C750-1ER\u00a0\u00bb par \u00ab\u00a0C165-RDC\u00a0\u00bb ou \u00ab\u00a0V700-1ER\u00a0\u00bb en fonction de l&rsquo;imprimante \u00e0 installer.<\/p>\n\n\n\n<figure class=\"wp-block-image size-full\"><img loading=\"lazy\" decoding=\"async\" width=\"614\" height=\"452\" src=\"https:\/\/extranet.pixelis.fr\/wp-content\/uploads\/2023\/02\/01.png\" alt=\"\" class=\"wp-image-26\" srcset=\"https:\/\/extranet.pixelis.fr\/wp-content\/uploads\/2023\/02\/01.png 614w, https:\/\/extranet.pixelis.fr\/wp-content\/uploads\/2023\/02\/01-300x221.png 300w\" sizes=\"auto, (max-width: 614px) 100vw, 614px\" \/><\/figure>\n\n\n\n<figure class=\"wp-block-image size-full\"><img loading=\"lazy\" decoding=\"async\" width=\"608\" height=\"450\" src=\"https:\/\/extranet.pixelis.fr\/wp-content\/uploads\/2023\/02\/02.png\" alt=\"\" class=\"wp-image-27\" srcset=\"https:\/\/extranet.pixelis.fr\/wp-content\/uploads\/2023\/02\/02.png 608w, https:\/\/extranet.pixelis.fr\/wp-content\/uploads\/2023\/02\/02-300x222.png 300w\" sizes=\"auto, (max-width: 608px) 100vw, 608px\" \/><\/figure>\n\n\n\n<p class=\"has-white-color has-vivid-cyan-blue-to-vivid-purple-gradient-background has-text-color has-background has-link-color wp-elements-445bf9e85d0d6f9fc7a82c8294f4acf2\"><em>Choisir le pilote L30 pour la C165 du rez-de-chauss\u00e9<\/em> ou<em> N500 pour la V700 du 1er \u00e9tage.<\/em><\/p>\n\n\n\n<figure class=\"wp-block-image size-full\"><img loading=\"lazy\" decoding=\"async\" width=\"610\" height=\"448\" src=\"https:\/\/extranet.pixelis.fr\/wp-content\/uploads\/2023\/02\/03.png\" alt=\"\" class=\"wp-image-28\" srcset=\"https:\/\/extranet.pixelis.fr\/wp-content\/uploads\/2023\/02\/03.png 610w, https:\/\/extranet.pixelis.fr\/wp-content\/uploads\/2023\/02\/03-300x220.png 300w\" sizes=\"auto, (max-width: 610px) 100vw, 610px\" \/><\/figure>\n\n\n\n<p><\/p>\n\n\n\n<figure class=\"wp-block-image size-full\"><img loading=\"lazy\" decoding=\"async\" width=\"611\" height=\"450\" src=\"https:\/\/extranet.pixelis.fr\/wp-content\/uploads\/2023\/02\/04-2.png\" alt=\"\" class=\"wp-image-46\" srcset=\"https:\/\/extranet.pixelis.fr\/wp-content\/uploads\/2023\/02\/04-2.png 611w, https:\/\/extranet.pixelis.fr\/wp-content\/uploads\/2023\/02\/04-2-300x221.png 300w\" sizes=\"auto, (max-width: 611px) 100vw, 611px\" \/><\/figure>\n\n\n\n<p><\/p>\n\n\n\n<figure class=\"wp-block-image size-full\"><img loading=\"lazy\" decoding=\"async\" width=\"615\" height=\"449\" src=\"https:\/\/extranet.pixelis.fr\/wp-content\/uploads\/2023\/02\/05-1.png\" alt=\"\" class=\"wp-image-32\" srcset=\"https:\/\/extranet.pixelis.fr\/wp-content\/uploads\/2023\/02\/05-1.png 615w, https:\/\/extranet.pixelis.fr\/wp-content\/uploads\/2023\/02\/05-1-300x219.png 300w\" sizes=\"auto, (max-width: 615px) 100vw, 615px\" \/><\/figure>\n<\/div>\n<\/div>\n\n\n\n<p>Cliquer sur suivant, l&rsquo;imprimante est install\u00e9e.<\/p>\n","protected":false},"excerpt":{"rendered":"<p>Pour macOS T\u00e9l\u00e9chargement des paquets d&rsquo;installation Imprimante C165 du rez-de-chauss\u00e9 Imprimante V700 du 1er \u00e9tage Les imprimantes seront automatiquement ajouter dans les<\/p>\n<p class=\"link-more\"><a class=\"myButt \" href=\"https:\/\/extranet.pixelis.fr\/?page_id=16\">Read More<\/a><\/p>\n","protected":false},"author":1,"featured_media":0,"parent":0,"menu_order":0,"comment_status":"closed","ping_status":"closed","template":"","meta":{"footnotes":""},"class_list":["post-16","page","type-page","status-publish","hentry"],"_links":{"self":[{"href":"https:\/\/extranet.pixelis.fr\/index.php?rest_route=\/wp\/v2\/pages\/16","targetHints":{"allow":["GET"]}}],"collection":[{"href":"https:\/\/extranet.pixelis.fr\/index.php?rest_route=\/wp\/v2\/pages"}],"about":[{"href":"https:\/\/extranet.pixelis.fr\/index.php?rest_route=\/wp\/v2\/types\/page"}],"author":[{"embeddable":true,"href":"https:\/\/extranet.pixelis.fr\/index.php?rest_route=\/wp\/v2\/users\/1"}],"replies":[{"embeddable":true,"href":"https:\/\/extranet.pixelis.fr\/index.php?rest_route=%2Fwp%2Fv2%2Fcomments&post=16"}],"version-history":[{"count":19,"href":"https:\/\/extranet.pixelis.fr\/index.php?rest_route=\/wp\/v2\/pages\/16\/revisions"}],"predecessor-version":[{"id":69,"href":"https:\/\/extranet.pixelis.fr\/index.php?rest_route=\/wp\/v2\/pages\/16\/revisions\/69"}],"wp:attachment":[{"href":"https:\/\/extranet.pixelis.fr\/index.php?rest_route=%2Fwp%2Fv2%2Fmedia&parent=16"}],"curies":[{"name":"wp","href":"https:\/\/api.w.org\/{rel}","templated":true}]}}